= 4*c. What is the highest common factor of c and 4?
4
Let t(m) = m**3 + 2*m**2 - 3*m - 1. Let w be t(-3). Let x be (3 - (-2)/w)*3. Calculate the highest common divisor of x and 3.
3
Let d = -1 - -16. Calculate the highest common divisor of d and 165.
15
Let z be (2 - 1) + 2/2. Suppose 8 = -4*y - 0. Let m be y - (z + -2 - 22). What is the greatest common divisor of m and 30?
10
Let p be (-48)/(-9) + 2/(-6). Let f = -8 - -13. Calculate the greatest common divisor of p and f.
5
Let s(n) = -3*n - 14. Suppose -24 = 4*f - 0*f. Let w be s(f). What is the greatest common divisor of w and 8?
4
Let x = -92 - -118. Let v be 310/8 + (-2)/(-8). What is the highest common divisor of v and x?
13
Let x = -2 - -4. Let l = 13 + -7. Calculate the greatest common factor of x and l.
2
Suppose 0 = 43*q - 42*q - 8. Calculate the highest common divisor of q and 296.
8
Let s = 118 + -74. Calculate the highest common factor of 33 and s.
11
Suppose -5*c = -0*c - 45. Calculate the greatest common divisor of c and 63.
9
Suppose -3*z + 132 = z. What is the highest common divisor of 33 and z?
33
Suppose 3*j - 8 = k, 2*k + 0*k = -4. Calculate the greatest common factor of 2 and j.
2
Let k = 66 + -66. Let z be 5 - (-2)/(0 - 2). Suppose z*i - 2*i - 34 = k. What is the highest common factor of 119 and i?
17
Let s be -12*21/12*-3. What is the highest common factor of s and 9?
9
Suppose 0*h + h - 43 = 3*u, 0 = -4*u + 16. Calculate the greatest common divisor of h and 5.
5
Let i = 1 - 3. Let y(n) = -n**2. Let v(h) = 3*h**2 - 2*h - 3. Let r(d) = -v(d) - 6*y(d). Let a be r(i). What is the greatest common divisor of a and 88?
11
Let a be (-123)/(0 + -1) - 4. What is the highest common factor of 17 and a?
17
Let w(h) = -h**3 + 5*h**2 - 4*h + 3. Let q be w(2). Calculate the highest common divisor of q and 28.
7
Let n be 18 + -18 - 4*-10. What is the highest common divisor of 10 and n?
10
Suppose 50 = 2*i + 2*i - 2*j, -3*j - 9 = 0. Calculate the greatest common factor of i and 22.
11
Suppose 3 = 2*b + b. Suppose -9 = -2*y - b. Suppose -3*o = -z - 4*z + 109, -z = -2*o - 26. Calculate the greatest common divisor of y and z.
4
Let d(x) = -x**3 - 6*x**2 - 6*x - 5. Let b be d(-5). Suppose b = -3*a + 6, -4*t + a = -0*a - 62. What is the highest common factor of t and 2?
2
Let n be (-32 + -2)/(8 + -10). Let m = 135 + -16. Calculate the highest common factor of m and n.
17
Suppose 4*j - 5*j = -16. Let y(s) = -41*s - 1. Let f be y(-1). Calculate the greatest common factor of j and f.
8
Suppose 0 = -5*j - 2*u + 648, -61 = -2*j + 2*u + 187. Let a = j - 80. Let p be 22/4 + (-1)/(-2). Calculate the greatest common divisor of p and a.
6
Suppose -m + 4*m = -48. Let o = 34 + m. Calculate the highest common factor of 18 and o.
18
Let n(d) = 6*d**3 - 3*d**2 + 3*d. Let w be n(2). Suppose -2 + 86 = 6*t. What is the greatest common factor of t and w?
14
Let g = 44 - 27. Calculate the greatest common factor of g and 51.
17
Let k(r) = -r + 3*r + 79*r**2 - 1 + 0. Suppose -5*j = -2*j - 3. Let s be k(j). Calculate the highest common divisor of 10 and s.
10
Suppose -4*o = -5*i - 132, 6 + 159 = 5*o - i. What is the highest common factor of o and 6?
3
Let l = 16 - -59. Let g be 1*l*(2 - 1). What is the highest common divisor of g and 15?
15
Let h be (-7)/2*56/(-49). Let q(c) be the first derivative of -7*c**2/2 + c + 1. Let a be q(-1). What is the highest common divisor of a and h?
4
Let p = -5 - -9. Suppose -18 = p*y - 74. Let l be 2/(-5) - (4496/5)/(-8). Calculate the greatest common divisor of l and y.
14
Let i(r) = 120*r**2 - 2*r - 1. Let n be i(-1). Suppose n = 3*v - 14. Let j(z) = -11*z - 3. Let y be j(-3). What is the highest common divisor of v and y?
15
Let q = -242 - -143. Let l be ((-4)/6)/(6/q). Calculate the greatest common divisor of 1 and l.
1
Suppose 0 = -4*y - 2*q + 606, 4*y + 102 = -5*q + 717. Calculate the highest common divisor of y and 30.
30
Let a be 1 + 3/(-3) - -2. Suppose a*r - 6*r = 0. Let o = r + 8. What is the greatest common factor of o and 8?
8
Let y = -3 + 8. Suppose 0 = y*d + 2 + 3. Let u be d + 1*14/2. Calculate the greatest common divisor of u and 54.
6
Suppose 0 = 4*k - 2*w - 344, 3*k - w = 69 + 187. What is the greatest common divisor of 48 and k?
12
Suppose 15 = 3*w, -3*d - 5*w = -w - 80. Let t be 10/(-8) + (-2)/(-8). Let y be ((-1)/t)/(2/10). What is the greatest common factor of y and d?
5
Let o(k) = 4*k - 9. Let d = -9 + 15. Let a be o(d). What is the highest common divisor of a and 105?
15
Let j be 16/(-40) + 133/(-5). Let s = 39 + j. Calculate the greatest common factor of s and 36.
12
Let y(l) = l**3 + 6*l**2 + 4*l - 6. Let j be y(-5). Let t = j - -7. Let s = -7 + 25. Calculate the greatest common divisor of t and s.
6
Let u = 31 + -23. Let h be -2 + -4*(-3 - -1). Let s be (-2 + h/9)*-6. What is the greatest common factor of s and u?
8
Suppose -47 - 7 = -6*n. Let p = n - 8. Suppose 0 = 3*x - 2*x - 5. What is the greatest common divisor of x and p?
1
Suppose -2*x - 6 = -4*x. Let c = 71 + -53. Let o be (x + -4)/((-2)/c). What is the highest common factor of 27 and o?
9
Suppose -3*p - 16 = -5*p. Suppose 3*a + 0*z - z + 60 = 0, 0 = -5*a - 5*z - 100. Let k be a/3*48/(-20). What is the greatest common factor of p and k?
8
Let p(z) = 6*z + 32. Let n be p(-5). Let d(v) = v + 5. Let t be d(-4). What is the greatest common factor of n and t?
1
Suppose 4*n - 171 = j, 3*j + 12 = -n + 45. Suppose 0*s + n = 2*s - 2*v, v = 3*s - 61. What is the highest common divisor of s and 4?
4
Let w = 215 - 131. Suppose 0 - 168 = -8*o. Calculate the highest common divisor of w and o.
21
Let z be (-4 - (4 + -6))/(2/(-52)). What is the highest common factor of z and 130?
26
Suppose 0 = d + 5*s - 43, -2*d = -7*d + 5*s + 95. Suppose 2*k = d + 121. Calculate the greatest common factor of k and 8.
8
Let p(o) = 11*o - 11. Let v be p(18). Calculate the highest common divisor of v and 17.
17
Let q = 4 - 2. Suppose -3*l + q = -7. What is the greatest common factor of 6 and l?
3
Suppose 3*f - 99 = -4*x + 145, x - f - 68 = 0. What is the greatest common factor of x and 8?
8
Let y = 253 + -121. Calculate the greatest common divisor of y and 24.
12
Let z(r) = -r**2 - 7*r - 2. Let s be z(-5). Let j be (3 + -11)*1 - -1. Let g be (-3 - j)*16/1. Calculate the highest common divisor of s and g.
8
Let b(f) = -f + 6. Let q be b(-7). Let r(y) = y + q*y - 2 + 12*y. Let v be r(2). Calculate the greatest common divisor of v and 5.
5
Let q = -15 - -23. Suppose -3*r + 24 = 3*w, 4*w - q = -0*w. What is the highest common factor of 54 and r?
6
Suppose 2*b - 5*j - 18 - 6 = 0, 5*b + 2 = -3*j. What is the greatest common factor of b and 6?
2
Suppose -4*c - 5*k + 1 = 3, 2*k + 12 = 4*c. Let v be (-47)/(-4) + c/8. Calculate the greatest common factor of 60 and v.
12
Let c(w) = 2 - 7*w - 3 + 3*w. Let g be c(-4). Calculate the greatest common divisor of 5 and g.
5
Suppose 555 = -c - 4*c. Let t = 27 + c. Let h be t/(-4) + -1 + 0. Calculate the greatest common divisor of h and 30.
10
Let b(d) = d**3 + 5*d**2 + 3*d - 2. Let x be b(-4). Suppose x*h + 0 = 2. Calculate the greatest common factor of h and 4.
1
Let c be (-1)/(5/(-45))*8. Calculate the greatest common factor of 8 and c.
8
Suppose -10*d + 214 = -26. What is the highest common divisor of 60 and d?
12
Suppose -p + 3 = -0*n + n, 5*n + 6 = 2*p. Suppose 2*l + 2*y - 8 - 42 = n, -y = -2*l + 44. What is the highest common divisor of l and 253?
23
Let m be 9/5 - 5/(-25). Calculate the greatest common factor of m and 3.
1
Let p(t) = t**2 - 4. Let d be p(3). Suppose -5*j + 3*f + 284 = 0, -2*j - d*f = 3*j - 260. What is the highest common factor of j and 22?
11
Let h(p) = -p**3 - 5*p**2 - 10*p - 6. Let i be h(-6). Calculate the highest common divisor of 10 and i.
10
Let f be 10/6 - 1/(-3). Suppose 3 - 5 = b - 5*g, -5*b - 5*g + 20 = 0. What is the greatest common divisor of b and f?
1
Suppose -5*m = 173 + 107. Let b be (m/3)/((-3)/9). What is the greatest common divisor of b and 7?
7
Suppose 5*u = 3*u + 34. What is the highest common divisor of 17 and u?
17
Suppose 3 = -4*c + 11. Suppose 0*y + c*y = k + 65, 0 = 5*k + 15. Suppose 4*w - 112 = -4*l, -l + 2*w - y = -2*l. What is the greatest common factor of l and 5?
5
Suppose -s + 47 = 3*y - 155, 0 = 4*y - 3*s - 291. Calculate the highest 